tors of s?
2, 7
What are the prime factors of (2/(-4))/((-1)/658)?
7, 47
Let t = -13 + 8. Let a be (65/(-9))/(-1) - 4/18. Let y = a + t. What are the prime factors of y?
2
Let k = 19 - 11. What are the prime factors of k?
2
Let x(r) = -r**3 + 5*r**2 + 2. Let w be x(5). Suppose g - 4*u + 6 = 2*g, -2*u + w = 0. What are the prime factors of g?
2
Suppose -122 + 74 = -i. List the prime factors of i.
2, 3
Let i = 543 + -189. What are the prime factors of i?
2, 3, 59
Let w(p) = p**2 - p. Let h be w(2). Let c(g) = g**2 - 4*g + 0*g - 1 + g**3 + 3*g. List the prime factors of c(h).
3
Let z(t) be the first derivative of -2 + t - 1/2*t**2. List the prime factors of z(-6).
7
Let z be 3/12*-2*-8. Suppose -26 = z*j + 2*c + 18, 0 = -2*j + 3*c - 14. Let d = j - -17. List the prime factors of d.
7
Let g(h) be the first derivative of 13*h**2/2 - 7. What are the prime factors of g(2)?
2, 13
Suppose n - 2 = 5*s, 0 = -4*n + 8*s - 3*s + 8. Let g be 9/(-6)*n - 0. Let c = 3 - g. What are the prime factors of c?
2, 3
Let c be 51/7 + 6/(-21). Suppose -2*f - 69 = -c. Let d = -20 - f. List the prime factors of d.
11
Suppose 4*p = 192 + 496. What are the prime factors of p?
2, 43
Let t(m) = -m**2 + 7*m - 5. Suppose 2*d = 4*d - 10. What are the prime factors of t(d)?
5
Suppose 2*l - 3*g - 301 = 0, 209 - 31 = l + 4*g. What are the prime factors of l?
2, 79
Let f(q) = 8*q - 10. List the prime factors of f(6).
2, 19
Suppose 0 = -5*d - 4*s + 3*s + 34, s - 6 = -d. List the prime factors of d.
7
Let p be 6/(6/15 + 0). Let j = -9 + p. Suppose 0 = -3*t + j*t - 24. List the prime factors of t.
2
Suppose 22 = 5*o - 33. List the prime factors of o.
11
Let d = -1 + -19. Let r = d - -24. List the prime factors of r.
2
Let l(i) = 20*i + 5. Let h be l(8). List the prime factors of (h/(-10))/(2/(-4)).
3, 11
Let f(h) = -h. Let q = -11 - -5. What are the prime factors of f(q)?
2, 3
Let r = -43 + 62. List the prime factors of r.
19
Let p(q) = 249*q - 4. List the prime factors of p(1).
5, 7
Suppose -28 = x + x. Let a = 29 + x. What are the prime factors of a?
3, 5
Let n(y) = -y**3 - 18*y**2 + 10*y + 12. What are the prime factors of n(-19)?
3, 61
Suppose -w = 2*v - 4*v + 80, -2*v + 74 = -4*w. Let l = 68 - v. What are the prime factors of l?
3
Suppose -c + 52 = c. Let a = -138 - c. List the prime factors of a/(-16) + (-1)/4.
2, 5
Let j(o) = o**2 - 2*o - 8. Suppose 2*y + p + 0*p - 8 = 0, -3*y + 2*p = -26. List the prime factors of j(y).
2
Suppose 4*j + 50 = 9*j. Let y = j + -3. What are the prime factors of y?
7
Suppose 2*g - 44 = -2. List the prime factors of g.
3, 7
Suppose -5*n + 5 = 0, 3*n - 101 = -5*u + 22. Suppose -3*c = -2*q - 8 + 1, 3*c = 5*q + 4. Suppose c*d = u + 12. List the prime factors of d.
2, 3
Let d(z) be the first derivative of -z**3/3 + 4*z**2 + 11*z + 4. Let b be d(9). Suppose -25 = -3*v - b*v. List the prime factors of v.
5
Suppose -3*j + 2*k + 3 = 1, 0 = k - 5. Suppose 5*a - n - j*n - 210 = 0, -n + 75 = 2*a. Suppose 2*t + t = a. List the prime factors of t.
13
Suppose 7*s - 84 = 3*s. List the prime factors of s.
3, 7
Suppose -r + s = -6, 3*r - 13 = 4*s - 0. Suppose -3*g + r = -34. What are the prime factors of g?
3, 5
Let v = 10 - 5. Suppose v*g - 15 = -c, -5*g - c = c - 20. List the prime factors of g.
2
Let j(o) = o**2 - 13*o - 9. What are the prime factors of j(19)?
3, 5, 7
Let c = 0 + 4. List the prime factors of 1*c*(-15)/(-6).
2, 5
Suppose -q + 2*m = -0*m - 12, 5*q = m + 33. Suppose -2*u + 72 = 5*r, r - q*r + 4*u + 96 = 0. What are the prime factors of r?
2
Let h = -13 + -6. Let w = h - -29. What are the prime factors of w?
2, 5
Let p(o) = 13*o - 1. What are the prime factors of p(2)?
5
List the prime factors of -5*(-1 + 26)/(-1).
5
Let o be (1 + 1)/((-6)/9). Suppose -3*a = -4*j - 43, a - 3*a = j + 8. What are the prime factors of (j/6)/(1/o)?
5
Suppose 2*w = -v + 40, 3*w = -4*v - v + 60. List the prime factors of w.
2, 5
Let i(r) be the second derivative of -r**5/20 + r**4/3 + 4*r**3/3 - 7*r**2/2 - 2*r. List the prime factors of i(5).
2
Suppose 6*y = 3*y + 2*k, -y - 5*k = 0. Suppose 0*v + 2*v + 28 = y. List the prime factors of 2/(-2) - v*1.
13
Suppose -5*d + 38 = -12. Suppose 0 = 4*i - d - 10. Let y(b) = -b**2 + 8*b - 6. List the prime factors of y(i).
3
Let p(y) = 5*y**2 - 2. What are the prime factors of p(-6)?
2, 89
Suppose z + m = 6*z - 310, -198 = -3*z + 3*m. What are the prime factors of z?
61
What are the prime factors of (2 + 4/(-1))*-14?
2, 7
Suppose 3*c + 60 = -c. Let x = -4 - c. List the prime factors of x.
11
Suppose 0 = -19*p + 23*p - 176. What are the prime factors of p?
2, 11
Suppose -30 = 4*q - d - 2, -2*q = 2*d + 4. Let l = -7 + -3. Let p = q - l. What are the prime factors of p?
2
Let i be 16 - 1*(5 - 3). Suppose 2*v = i - 2. What are the prime factors of v?
2, 3
Let p(z) = -z**2 - 4*z + 1. Let q(g) = g**2 + 4*g - 1. Let l(v) = 5*p(v) + 6*q(v). List the prime factors of l(-5).
2
Suppose m - 15 = -4*n - 0*m, -3*m - 11 = -2*n. Suppose 0 = -3*l - n + 13. Suppose 0 = -l*q + 4*j + 52, -2*q = -2*j - 35 + 1. List the prime factors of q.
2
Suppose -3*u - 105 = -8*u. Let x = 38 - u. List the prime factors of x.
17
Suppose -4*f - 18 = -2*f. Let b(u) = -u**2 - 9*u + 7. What are the prime factors of b(f)?
7
Let g(v) = 3*v**2 + 2*v + 2. Let n be g(-4). Suppose z + z = n. Suppose -4*u + z = -u. List the prime factors of u.
7
Let j be 8/(1 - -3) + 5. What are the prime factors of (2/j)/((-3)/(-21))?
2
Suppose -4*z = -2*d + 96, 3*d + d + 5*z - 166 = 0. Let c = d + -26. List the prime factors of c.
2, 3
Let p = 3 + 3. Let z be 3/(3/6*-2). What are the prime factors of (-4)/p - 11/z?
3
Let d be 2*2/8*6. Suppose -d*a - 2*q = q + 36, -10 = 2*a - 5*q. List the prime factors of ((-6)/10)/(2/a).
3
Suppose -4 = 3*s - s, 2*b + 5*s - 62 = 0. What are the prime factors of b?
2, 3
Let x be (-64)/(-11) - (-4)/22. Suppose -x = -3*f + 21. What are the prime factors of f?
3
Suppose 64 = 4*y + 4. What are the prime factors of y?
3, 5
Let g be (-3)/4*(-70 - 2). Suppose -5*k = -4*j - 213, 0 = 4*k + 4*j - 246 + g. List the prime factors of k.
3, 5
Suppose -97 - 173 = -6*c. What are the prime factors of c?
3, 5
Let h = -140 + 155. Suppose -2*w = -5*f - 9, -5*w - 5*f + 3 = -2. Let t = h + w. List the prime factors of t.
17
Let k(y) = y + 6. Let w be k(-6). Suppose -o = -3*v + 2*v - 8, -v - 1 = w. What are the prime factors of o?
7
Let a(r) = -4*r + 2. List the prime factors of a(-4).
2, 3
What are the prime factors of 3/7 + 790/35?
23
List the prime factors of 1*(112 - (-2)/2).
113
Suppose -34 = 2*z + 2*k, -5*z - 3*k = -0*k + 83. Let i = 27 + z. List the prime factors of i.
11
Let r(w) = w**3 + 4*w**2 - 4*w + 7. Let t be r(-5). Let c be 6 + 1 - 1 - t. Suppose -2*s = l - 16, -2*s - c*l - 17 = -3*s. What are the prime factors of s?
3
Let j(g) = -g - 1. Let t be j(-6). Let w = -3 + t. Suppose w*p - 20 = -3*o, -o - 8 = o - 4*p. What are the prime factors of o?
2
What are the prime factors of (-5)/((8/20)/(-2))?
5
Let t be 4/2 + (-2 - 0). Suppose -4*v + 128 = -t*v. What are the prime factors of v?
2
Let f = -14 - -16. Suppose 7 - 13 = -f*q. List the prime factors of q.
3
Let g = -2 - -7. Suppose -2*x + 54 = -4*v, -68 - 25 = -4*x + g*v. What are the prime factors of x?
17
Suppose 34 - 9 = 5*u, -y + 3*u = 10. Suppose -b - 44 = -y*b. List the prime factors of b.
11
Let z = 68 - 31. What are the prime factors of z?
37
Let x = 163 + -24. List the prime factors of x.
139
Suppose -2*x + 5*c = x - 15, 5 = x + 5*c. List the prime factors of x.
5
Let c(l) = l**3 + 10*l**2 - l + 16. What are the prime factors of c(-10)?
2, 13
Suppose -1885 = 5*n - 18*n. What are the prime factors of n?
5, 29
Suppose 5*j = -l + 45, 3*l = -l - 4*j + 148. List the prime factors of l.
5, 7
Let g be (-1)/(-4) - 19/(-4). Suppose 0 = g*k - 0*k - 10. What are the prime factors of k?
2
Let f(b) = -b**3 + 6*b**2 + 4*b - 9. Let w be f(6). List the prime factors of 185/w + (-2)/6.
2, 3
Suppose 0 = -d - 3*d + 16. Suppose d*l + 19 = -77. What are the prime factors of l/(-3)*(0 + 1)?
2
Suppose -22 = 3*f + 2. Let l = f + 12. Suppose 2*d = 2, 5*c + l*d - 5*d - 59 = 0. List the prime factors of c.
2, 3
Suppose -5*c = -4*u + 127, 32 + 133 = 5*u - 5*c. What are the prime factors of (u*(-1 - 0))/(-2)?
19
Let f = 119 - -42. What are 